t of 498157?
7
What is the units digit of 368397?
7
What is the hundred thousands digit of 652009?
6
What is the ten thousands digit of 1255791?
5
What is the ten thousands digit of 9123852?
2
What is the ten thousands digit of 4625145?
2
What is the tens digit of 238271?
7
What is the tens digit of 201647?
4
What is the tens digit of 190359?
5
What is the units digit of 582310?
0
What is the millions digit of 21493036?
1
What is the ten thousands digit of 731833?
3
What is the tens digit of 8051804?
0
What is the units digit of 2723655?
5
What is the ten thousands digit of 4840235?
4
What is the hundred thousands digit of 255142?
2
What is the thousands digit of 485608?
5
What is the hundred thousands digit of 1906263?
9
What is the hundreds digit of 14564?
5
What is the hundred thousands digit of 1427021?
4
What is the units digit of 69356?
6
What is the hundreds digit of 444447?
4
What is the millions digit of 5171033?
5
What is the thousands digit of 2153592?
3
What is the hundreds digit of 1101849?
8
What is the hundred thousands digit of 5438847?
4
What is the tens digit of 714270?
7
What is the thousands digit of 184517?
4
What is the units digit of 225387?
7
What is the hundreds digit of 6573764?
7
What is the tens digit of 1279661?
6
What is the thousands digit of 186856?
6
What is the hundreds digit of 14744786?
7
What is the hundreds digit of 6212461?
4
What is the units digit of 6285160?
0
What is the hundred thousands digit of 4532673?
5
What is the ten thousands digit of 834082?
3
What is the millions digit of 9082868?
9
What is the thousands digit of 8686292?
6
What is the ten thousands digit of 14010341?
1
What is the tens digit of 1865484?
8
What is the ten thousands digit of 393655?
9
What is the units digit of 2760894?
4
What is the ten thousands digit of 635940?
3
What is the hundred thousands digit of 11147503?
1
What is the tens digit of 3650931?
3
What is the units digit of 322404?
4
What is the ten thousands digit of 801255?
0
What is the hundreds digit of 12910589?
5
What is the millions digit of 23751291?
3
What is the ten thousands digit of 118895?
1
What is the tens digit of 6513418?
1
What is the tens digit of 9508012?
1
What is the hundreds digit of 68878?
8
What is the thousands digit of 198988?
8
What is the millions digit of 14939554?
4
What is the hundred thousands digit of 7903432?
9
What is the tens digit of 113299?
9
What is the thousands digit of 4716305?
6
What is the hundreds digit of 611331?
3
What is the thousands digit of 85105?
5
What is the hundred thousands digit of 15499059?
4
What is the millions digit of 1337866?
1
What is the thousands digit of 506881?
6
What is the units digit of 846196?
6
What is the hundred thousands digit of 450465?
4
What is the millions digit of 10655679?
0
What is the ten thousands digit of 25935472?
3
What is the ten thousands digit of 78532?
7
What is the hundreds digit of 1080761?
7
What is the units digit of 1356593?
3
What is the ten thousands digit of 799385?
9
What is the millions digit of 16962615?
6
What is the hundred thousands digit of 952857?
9
What is the ten thousands digit of 142456?
4
What is the hundreds digit of 458846?
8
What is the ten thousands digit of 316386?
1
What is the hundreds digit of 605899?
8
What is the hundred thousands digit of 29074979?
0
What is the thousands digit of 12436192?
6
What is the thousands digit of 1528837?
8
What is the millions digit of 12292853?
2
What is the tens digit of 548062?
6
What is the hundreds digit of 205808?
8
What is the tens digit of 368456?
5
What is the ten thousands digit of 494835?
9
What is the hundred thousands digit of 757414?
7
What is the hundreds digit of 448272?
2
What is the ten thousands digit of 4463476?
6
What is the millions digit of 1078289?
1
What is the hundreds digit of 900135?
1
What is the hundred thousands digit of 3077896?
0
What is the thousands digit of 256011?
6
What is the hundred thousands digit of 4079743?
0
What is the hundreds digit of 551529?
5
What is the hundreds digit of 9914432?
4
What is the tens digit of 23400399?
9
What is the thousands digit of 62754?
2
What is the tens digit of 65318?
1
What is the ten thousands digit of 90803?
9
What is the millions digit of 7675705?
7
What is the ten thousands digit of 62047?
6
What is the ten thousands digit of 10664643?
6
What is the ten thousands digit of 3675888?
7
What is the hundred thousands digit of 103940?
1
What is the hundred thousands digit of 100741?
1
What is the thousands digit of 7031845?
1
What is the hundred thousands digit of 237836?
2
What is the millions digit of 1026032?
1
What is the hundred thousands digit of 703276?
7
What is the ten thousands digit of 626022?
2
What is the ten thousands digit of 3980221?
8
What is the units digit of 471278?
8
What is the tens digit of 148646?
4
What is the thousands digit of 78828?
8
What is the hundreds digit of 1891287?
2
What is the hundred thousands digit of 2448653?
4
What is the hundreds digit of 710393?
3
What is the thousands digit of 16273662?
3
What is the units digit of 2843588?
8
What is the thousands digit of 42101?
2
What is the thousands digit of 9284303?
4
What is the thousands digit of 662686?
2
What is the hundreds digit of 5466986?
9
What is the tens digit of 363617?
1
What is the millions digit of 10401041?
0
What is the tens digit of 269702?
0
What is the thousands digit of 12809522?
9
What is the tens digit of 7783147?
4
What is the units digit of 419936?
6
What is the hundred thousands digit of 4201279?
2
What is the thousands digit of 17550214?
0
What is the hundreds digit of 347936?
9
What is the hundred thousands digit of 114911?
1
What is the millions digit of 10863015?
0
What is the hundreds digit of 6445662?
6
What is the hundreds digit of 7965?
9
What is the tens digit of 12333444?
4
What is the tens digit of 4076029?
2
What is the hundred thousands digit of 316248?
3
What is the hundreds digit of 3509741?
7
What is the tens digit of 362227?
2
What is the hundred thousands digit of 598786?
5
What is the thousands digit of 2480732?
0
What is the units digit of 1461864?
4
What is the ten thousands digit of 511781?
1
What is the units digit of 8268750?
0
What is the millions digit of 11626615?
1
What is the units digit of 4844838?
8
What is the units digit of 15634526?
6
What is the hundred thousands digit of 789620?
7
What is the ten thousands digit of 2116264?
1
What is the tens digit of 10198990?
9
What is the hundred thousands digit of 1112037?
1
What is the hundreds digit of 140064?
0
What is the hundreds digit of 18221632?
6
What is the hundreds digit of 296873?
8
What is the ten thousands digit of 144238?
4
What is the tens digit of 1068959?
5
What is the ten thousands digit of 16635420?
3
What is the ten thousands digit of 1343144?
4
What is the millions digit of 1057427?
1
What is the ten thousands digit of 351685?
5
What is the units digit of 1268676?
6
What is the tens digit of 3309312?
1
What is the hundreds digit of 301416?
4
What is the hundreds digit of 134388?
3
What is the hundreds digit of 231426?
4
What is the units digit of 1624057?
7
What is the tens digit of 336496?
9
What is the thousands digit of 24808746?
8
What is the ten thousands digit of 1810298?
1
What is the units digit of 605654?
4
What is the tens digit of 6177924?
2
What is the units digit of 141560?
0
What is the tens digit of 221289?
8
What is the hundreds digit of 11784532?
5
What is the tens digit of 4410768?
6
What is the ten thousands digit of 1046383?
4
What is the ten thousands digit of 167096?
6
What is the millions digit of 13401262?
3
What is the millions digit of 4848749?
4
What is the units digit of 35220?
0
What is the hundred thousands digit of 18455596?
4
What is the tens digit of 365958?
5
What is the units digit of 1627917?
7
What is the thousands digit of 7741972?
1
What is the ten thousands digit of 14279617?
7
What is the millions digit of 1112823?
1
What is the hundreds digit of 6257273?
2
What is the ten thousands digit of 423585?
2
What is the tens digit of 811299?
9
What is the units digit of 13717130?
0
What is the ten thousands digit of 121771?
2
What is the units digit of 9686851?
1
What is the tens digit of 4982008?
0
What is th